
What is the highest common divisor of 377701 and 3017941?
3667
What is the greatest common divisor of 4437588 and 11873?
31
What is the greatest common factor of 44 and 1191416?
4
Calculate the highest common factor of 325225 and 3475.
25
What is the highest common factor of 173204 and 184281?
1007
What is the greatest common divisor of 1128 and 8390346?
282
Calculate the greatest common divisor of 10680 and 22214578.
178
Calculate the greatest common divisor of 19988748 and 17388.
2484
What is the highest common factor of 168 and 23498088?
24
Calculate the greatest common factor of 35455 and 7805.
35
What is the greatest common factor of 3281135 and 572?
143
Calculate the highest common divisor of 395116 and 304.
4
Calculate the greatest common factor of 738766 and 1750.
14
What is the highest common factor of 24745486 and 249166?
3002
What is the greatest common factor of 123819 and 16539?
447
What is the highest common factor of 3355 and 15390760?
55
Calculate the greatest common divisor of 107256 and 2411952.
2616
Calculate the greatest common divisor of 1900272 and 2640.
528
Calculate the highest common factor of 16675315 and 410.
205
What is the highest common factor of 523962 and 168394?
626
What is the greatest common factor of 40188 and 7138164?
204
What is the highest common divisor of 10869540 and 47109?
1149
Calculate the greatest common divisor of 22 and 1235868216.
22
What is the greatest common factor of 1379366 and 793518?
2186
Calculate the greatest common divisor of 8601984 and 79386.
786
What is the greatest common divisor of 680 and 19011610?
170
What is the greatest common divisor of 8758 and 3570016?
58
Calculate the greatest common factor of 295 and 51715.
5
Calculate the greatest common factor of 617 and 178196.
1
Calculate the greatest common factor of 79290 and 453510.
90
Calculate the highest common divisor of 33959090 and 59770.
1390
What is the greatest common divisor of 26543 and 346456?
1397
Calculate the highest common factor of 2592 and 42654.
6
What is the greatest common divisor of 1666831 and 28278?
1571
What is the highest common divisor of 46991589 and 16227?
1803
Calculate the highest common factor of 842395 and 49373.
509
What is the greatest common divisor of 3034563 and 43575?
1743
What is the greatest common factor of 459424 and 170912?
1568
Calculate the greatest common divisor of 938 and 246778.
14
What is the greatest common factor of 5790 and 4257966?
1158
Calculate the greatest common factor of 1501323 and 44536.
19
Calculate the highest common divisor of 6440 and 376705385.
805
Calculate the greatest common factor of 2912 and 7001176.
728
Calculate the highest common factor of 21043 and 767745.
11
Calculate the greatest common factor of 2152 and 1175528.
8
Calculate the greatest common factor of 8607432 and 166.
166
What is the highest common factor of 5777 and 1890987?
53
What is the greatest common factor of 4183895 and 635?
5
What is the greatest common factor of 285556510 and 152?
38
Calculate the greatest common divisor of 9287 and 434528.
37
Calculate the greatest common factor of 3237252 and 726512.
10684
Calculate the greatest common factor of 3703 and 934444.
161
What is the highest common divisor of 86716 and 917?
7
What is the greatest common factor of 53157 and 251901?
39
Calculate the highest common divisor of 24838 and 272089.
1129
What is the greatest common factor of 360048 and 672?
48
What is the greatest common factor of 592 and 2378884216?
296
Calculate the highest common factor of 461729 and 332.
83
Calculate the highest common divisor of 21602993 and 622.
311
Calculate the highest common divisor of 6330 and 195708408.
1266
What is the highest common factor of 194369074 and 2804?
1402
Calculate the highest common factor of 284177 and 2139310.
3193
What is the highest common factor of 8512 and 524608?
448
Calculate the greatest common divisor of 24701565 and 25284.
903
What is the greatest common divisor of 135244733 and 13?
13
Calculate the greatest common divisor of 172 and 251904148.
172
What is the highest common divisor of 2314186 and 11186?
658
Calculate the highest common divisor of 3640511 and 126.
7
Calculate the greatest common factor of 319 and 32608557.
29
What is the greatest common divisor of 56152952 and 8?
8
What is the highest common divisor of 240 and 415414410?
30
Calculate the greatest common divisor of 3976 and 134834.
14
What is the greatest common factor of 501 and 92949?
3
Calculate the highest common divisor of 298129 and 103802.
1207
Calculate the highest common divisor of 7 and 12340727.
7
Calculate the highest common factor of 920 and 40031132.
92
Calculate the greatest common factor of 3399 and 6462117.
309
What is the greatest common factor of 74290 and 793730?
3910
Calculate the highest common divisor of 2775 and 9231.
3
Calculate the greatest common factor of 3810 and 29892498.
762
Calculate the highest common divisor of 1904 and 13262312.
952
Calculate the highest common factor of 31675066 and 883304.
5386
Calculate the greatest common divisor of 74648 and 36464.
344
What is the highest common factor of 248 and 111806646?
62
What is the highest common divisor of 266642834 and 942?
314
Calculate the highest common factor of 1494396 and 427029.
411
Calculate the highest common divisor of 4246 and 33781.
11
What is the highest common divisor of 862325953 and 53?
53
What is the highest common factor of 125338800 and 1500?
300
What is the greatest common divisor of 164 and 5291501?
41
Calculate the greatest common divisor of 8304968 and 4648.
56
What is the highest common factor of 3020751 and 32016?
69
What is the highest common factor of 285362 and 3365082?
238
What is the greatest common factor of 259099965 and 214?
107
Calculate the highest common divisor of 2392062 and 874.
38
What is the greatest common divisor of 28042538 and 248?
62
Calculate the greatest common factor of 1658 and 232226.
2
What is the greatest common divisor of 6413 and 55253?
11
What is the highest common factor of 24 and 346305508?
4
What is the highest common factor of 4 and 418998?
2
What is the greatest common factor of 96258 and 1464?
366
What is the greatest common factor of 117484692 and 1248?
156
What is the highest common factor of 801796747 and 137?
137
Calculate the highest common factor of 1664 and 3318848.
832
What is the greatest common divisor of 1162811 and 11707?
23
Calculate the highest common factor of 460040 and 17918.
62
What is the greatest common divisor of 4417182 and 20559?
231
Calculate the greatest common factor of 3080 and 745528.
56
Calculate the greatest common factor of 2728 and 100185800.
2728
What is the greatest common divisor of 185430441 and 42?
21
Calculate the greatest common divisor of 20 and 2823145.
5
Calculate the greatest common factor of 13994825 and 27565.
745
What is the greatest common factor of 101774148 and 1176?
84
Calculate the highest common factor of 1300939155 and 90.
45
What is the highest common factor of 8277 and 329733608?
2759
What is the greatest common divisor of 639013984 and 48?
16
What is the greatest common divisor of 2257 and 5773406?
2257
What is the highest common divisor of 12264 and 37212?
84
Calculate the greatest common factor of 29578 and 43907.
23
Calculate the highest common factor of 2947021 and 1199.
11
What is the greatest common factor of 6291 and 4020?
3
What is the greatest common divisor of 1729 and 546637?
91
What is the highest common factor of 3263139 and 261657?
297
Calculate the greatest common factor of 595 and 871654.
7
What is the highest common factor of 6273 and 3543876?
369
What is the greatest common divisor of 125 and 215572400?
25
What is the highest common divisor of 451 and 22888921?
11
What is the highest common divisor of 202417 and 1312?
41
What is the greatest common divisor of 256178 and 592891?
767
What is the greatest common factor of 227335 and 21071?
19
What is the highest common factor of 3393360 and 702?
54
Calculate the greatest common factor of 365 and 4994660.
365
Calculate the highest common factor of 135 and 1136574855.
135
What is the highest common divisor of 21719 and 1279073?
587
What is the highest common divisor of 3577886 and 28550?
1142
Calculate 